{"id":2,"date":"2020-01-06T21:36:20","date_gmt":"2020-01-06T21:36:20","guid":{"rendered":"http:\/\/www.poderelopi.it\/?page_id=2"},"modified":"2024-03-12T16:48:22","modified_gmt":"2024-03-12T16:48:22","slug":"sample-page","status":"publish","type":"page","link":"https:\/\/www.poderelopi.it\/","title":{"rendered":"Home page"},"content":{"rendered":"<p class=\"has-text-align-center\"><strong><em>Benvenuti nel cuore del Monferrato<\/em><\/strong><\/p><p> l&#8217;Opi, nome dialettale del luogo ( regione Opio), \u00e8 una piccola azienda  agricola a conduzione familiare dedita alla coltivazione della vite ed  all&#8217;apicoltura . L&#8217;azienda si estende su una superficie di circa 4 ettari  in unico corpo di cui due coltivati a  vigneto. Attualmente gestiamo circa 150 alveari   per la pruduzione di miele, e 200 nuclei di fecondazione per  l&#8217;allevamento di api regine.  <\/p><p>Dal 2010 tutta l&#8217;azienda \u00e8 certificata biologica<\/p><div class=\"wp-block-image\"><figure class=\"aligncenter size-large is-resized\"><img loading=\"lazy\" decoding=\"async\" width=\"1024\" height=\"600\" src=\"https:\/\/www.poderelopi.it\/wp-content\/uploads\/2020\/03\/IMG_0001-1024x600.jpg\" alt=\"\" class=\"wp-image-130\" style=\"width:213px;height:123px\"\/><\/figure><\/div><div class=\"wp-block-image\"><figure class=\"aligncenter size-large is-resized\"><img loading=\"lazy\" decoding=\"async\" width=\"1024\" height=\"576\" src=\"https:\/\/www.poderelopi.it\/wp-content\/uploads\/2020\/04\/20200409_085640-1024x576.jpg\" alt=\"\" class=\"wp-image-329\" style=\"width:599px;height:337px\" srcset=\"https:\/\/www.poderelopi.it\/wp-content\/uploads\/2020\/04\/20200409_085640-1024x576.jpg 1024w, https:\/\/www.poderelopi.it\/wp-content\/uploads\/2020\/04\/20200409_085640-scaled-50x28.jpg 50w, https:\/\/www.poderelopi.it\/wp-content\/uploads\/2020\/04\/20200409_085640-scaled-200x113.jpg 200w, https:\/\/www.poderelopi.it\/wp-content\/uploads\/2020\/04\/20200409_085640-300x169.jpg 300w, https:\/\/www.poderelopi.it\/wp-content\/uploads\/2020\/04\/20200409_085640-768x432.jpg 768w, https:\/\/www.poderelopi.it\/wp-content\/uploads\/2020\/04\/20200409_085640-1536x864.jpg 1536w, https:\/\/www.poderelopi.it\/wp-content\/uploads\/2020\/04\/20200409_085640-2048x1152.jpg 2048w\" sizes=\"auto, (max-width: 1024px) 100vw, 1024px\" \/><\/figure><\/div><p>La sede aziendale \u00e8 situata su un balcone naturale dal quale si estende un panorama che si perde in un mare di colline fino a sconfinare  sulla splendida catena delle Alpi piemontesi, ben visibili le principali cime come il Monviso, il Monte Rosa e il Rocciamelone.<\/p><div class=\"wp-block-image\"><figure class=\"aligncenter size-large\"><img loading=\"lazy\" decoding=\"async\" width=\"1024\" height=\"576\" src=\"https:\/\/www.poderelopi.it\/wp-content\/uploads\/2020\/03\/20190124_105349-1024x576.jpg\" alt=\"\" class=\"wp-image-109\" srcset=\"https:\/\/www.poderelopi.it\/wp-content\/uploads\/2020\/03\/20190124_105349-1024x576.jpg 1024w, https:\/\/www.poderelopi.it\/wp-content\/uploads\/2020\/03\/20190124_105349-scaled-50x28.jpg 50w, https:\/\/www.poderelopi.it\/wp-content\/uploads\/2020\/03\/20190124_105349-scaled-200x113.jpg 200w, https:\/\/www.poderelopi.it\/wp-content\/uploads\/2020\/03\/20190124_105349-300x169.jpg 300w, https:\/\/www.poderelopi.it\/wp-content\/uploads\/2020\/03\/20190124_105349-768x432.jpg 768w, https:\/\/www.poderelopi.it\/wp-content\/uploads\/2020\/03\/20190124_105349-1536x864.jpg 1536w, https:\/\/www.poderelopi.it\/wp-content\/uploads\/2020\/03\/20190124_105349-2048x1152.jpg 2048w, https:\/\/www.poderelopi.it\/wp-content\/uploads\/2020\/03\/20190124_105349-1200x675.jpg 1200w, https:\/\/www.poderelopi.it\/wp-content\/uploads\/2020\/03\/20190124_105349-1980x1114.jpg 1980w\" sizes=\"auto, (max-width: 1024px) 100vw, 1024px\" \/><\/figure><\/div><p>Il Monferrato \u00e8 una terra magica , affascinante in ogni stagione dell&#8217;anno   ricca di pievi romaniche , borghi medievali , vigneti e boschi;  dal 2014 \u00e8 patrimonio UNESCO<\/p><h3 class=\"wp-block-heading has-text-align-center\"><em>La leggenda di Aleramo<\/em><\/h3><p>La nascita del Monferrato \u00e8 legata alla leggenda di Aleramo , un giovane cavaliere alla corte del re Ottone I ,egli si innamor\u00f2 della figlia del re e questi acconsenti alle nozze , ma poich\u00e8 Aleramo non possedeva terre da portare in dote , il re decise di donare alla giovane coppia tutta la terra che Aleramo fosse riuscito a circoscrivere cavalcando per tre giorni e tre notti. Durante la corsa sfrenata il cavallo di Aleramo perse un ferro  ed il giovane utilizzo&#8217; la testa di un mattone (mun in dialetto) per riferrarlo,   nacque cosi il Monferrato ( mun-fr\u00e0)<\/p><h3 class=\"wp-block-heading has-text-align-center\"><em>Perch\u00e8 bio<\/em><\/h3><p>L&#8217;agricoltura biologica rappresenta , a nostro avviso, il futuro dell&#8217;agricoltura su piccola scala, permette di coltivare in modo naturale con il minimo impatto ambientale , senza rinunciare alla qualit\u00e0 dei prodotti. Le pratiche agrominche sono regolamentate da un disciplinare che vieta l&#8217;uso  di tutta la chimica di sintesi , sono inoltre banditi tutti i diserbandi e qualsiasi tipo di forzatura. Coltivare con il metodo biologico non vuol dire rinunciare al raccolto ed alla qualita perch\u00e8 anche senza l&#8217;uso della tanto &#8220;indispensabile&#8221; chimica si riesce a produrre ugualmente. <\/p><p>L&#8217;agricoltura biologica si basa su un concetto di &#8220;vita&#8221;ovvero non si va a distruggere l&#8217;equilibro del terreno ed il microclima , come per esempio il mantenimento di siepi campestri che danno rifugio agli insettivori , non utilzzando prodotti chimici il terreno \u00e8 ricco di lombrichi, il vigneto \u00e8 popolato da farfalle bombi lucertole grilli che mantengono autonomamente sotto controllo la popolazione di insetti dannosi , quindi non sono necessari trattamenti insetticidi o quant&#8217;altro ;poi chiaramente per andare a raccolto sono indispensabili  i trattamenti antioidici ed antiperonosporici ma solamente utilizzando rame e zolfo . <\/p><p>L&#8217; agricoltura convenzionale,  al contrario del bio, si basa su un concetto di &#8220;morte&#8221; ovvero  : &#8221; uccido tutto per coltivare solo quello che voglio &#8221; . E quindi vai di diserbante per togliere le infestanti  , ma cosi facendo rompo il microclima quindi non ho insetti utili , poi non passo con il mio bel trattorone e quindi vai di ruspa contro le siepi campestri, ma cosi facendo non ho piu  gli insettivori e quindi vai di insetticida, ma cosi facendo gli afidi non sono sotto controllo e quindi vai di aficida e cosi via &#8230;il risultato \u00e8 che ogni anno solo in Italia si spandono nei campi circa 130.000 tonnellate di prodotti fitosanitari ( fonte  arpat)che contaminano l&#8217;ambiente  l&#8217;acqua e soprattutto permangono con residualit\u00e0 non trascurabili negli alimenti. Alcuni studi scientifici  hanno dimostrato che i pesticidi sono presenti nel nostro sangue, nei capelli, nello sperma e nel nostro tessuto adiposo.<\/p><p>L&#8217;agricoltura biologica \u00e8 l&#8217;unica strada percorribile , soprattutto per piccole realt\u00e0 aziendali come la nostra .<\/p>","protected":false},"excerpt":{"rendered":"<p>Benvenuti nel cuore del Monferrato l&#8217;Opi, nome dialettale del luogo ( regione Opio), \u00e8 una piccola azienda agricola a conduzione familiare dedita alla coltivazione della vite ed all&#8217;apicoltura . L&#8217;azienda si estende su una superficie di circa 4 ettari in unico corpo di cui due coltivati a vigneto. Attualmente gestiamo circa 150 alveari per la pruduzione di miele, e 200 nuclei di fecondazione per l&#8217;allevamento di api regine. Dal 2010 tutta l&#8217;azienda \u00e8 certificata biologica La sede aziendale \u00e8 situata su un balcone naturale dal quale si estende un panorama che si perde in un mare di colline fino a sconfinare sulla splendida catena delle Alpi piemontesi, ben visibili le principali cime come il Monviso, il Monte Rosa e il Rocciamelone. Il Monferrato \u00e8 una terra magica , affascinante in ogni stagione dell&#8217;anno ricca di pievi romaniche , borghi medievali , vigneti e boschi; dal 2014 \u00e8 patrimonio UNESCO La&hellip;<\/p>\n<p> <a class=\"more-link\" href=\"https:\/\/www.poderelopi.it\/\">Leggi tutto<\/a><\/p>\n","protected":false},"author":1,"featured_media":34,"parent":0,"menu_order":0,"comment_status":"closed","ping_status":"open","template":"","meta":{"footnotes":""},"class_list":["post-2","page","type-page","status-publish","has-post-thumbnail"],"jetpack_sharing_enabled":true,"_links":{"self":[{"href":"https:\/\/www.poderelopi.it\/index.php?rest_route=\/wp\/v2\/pages\/2","targetHints":{"allow":["GET"]}}],"collection":[{"href":"https:\/\/www.poderelopi.it\/index.php?rest_route=\/wp\/v2\/pages"}],"about":[{"href":"https:\/\/www.poderelopi.it\/index.php?rest_route=\/wp\/v2\/types\/page"}],"author":[{"embeddable":true,"href":"https:\/\/www.poderelopi.it\/index.php?rest_route=\/wp\/v2\/users\/1"}],"replies":[{"embeddable":true,"href":"https:\/\/www.poderelopi.it\/index.php?rest_route=%2Fwp%2Fv2%2Fcomments&post=2"}],"version-history":[{"count":27,"href":"https:\/\/www.poderelopi.it\/index.php?rest_route=\/wp\/v2\/pages\/2\/revisions"}],"predecessor-version":[{"id":551,"href":"https:\/\/www.poderelopi.it\/index.php?rest_route=\/wp\/v2\/pages\/2\/revisions\/551"}],"wp:featuredmedia":[{"embeddable":true,"href":"https:\/\/www.poderelopi.it\/index.php?rest_route=\/wp\/v2\/media\/34"}],"wp:attachment":[{"href":"https:\/\/www.poderelopi.it\/index.php?rest_route=%2Fwp%2Fv2%2Fmedia&parent=2"}],"curies":[{"name":"wp","href":"https:\/\/api.w.org\/{rel}","templated":true}]}}

<p class="has-text-align-center"><strong><em>Benvenuti nel cuore del Monferrato</em></strong></p><p> l&#8217;Opi, nome dialettale del luogo ( regione Opio), è una piccola azienda  agricola a conduzione familiare dedita alla coltivazione della vite ed  all&#8217;apicoltura . L&#8217;azienda si estende su una superficie di circa 4 ettari  in unico corpo di cui due coltivati a  vigneto. Attualmente gestiamo circa 150 alveari   per la pruduzione di miele, e 200 nuclei di fecondazione per  l&#8217;allevamento di api regine.  </p><p>Dal 2010 tutta l&#8217;azienda è certificata biologica</p><div class="wp-block-image"><figure class="aligncenter size-large is-resized"><img loading="lazy" decoding="async" width="1024" height="600" src="https://www.poderelopi.it/wp-content/uploads/2020/03/IMG_0001-1024x600.jpg" alt="" class="wp-image-130" style="width:213px;height:123px"/></figure></div><div class="wp-block-image"><figure class="aligncenter size-large is-resized"><img loading="lazy" decoding="async" width="1024" height="576" src="https://www.poderelopi.it/wp-content/uploads/2020/04/20200409_085640-1024x576.jpg" alt="" class="wp-image-329" style="width:599px;height:337px" srcset="https://www.poderelopi.it/wp-content/uploads/2020/04/20200409_085640-1024x576.jpg 1024w, https://www.poderelopi.it/wp-content/uploads/2020/04/20200409_085640-scaled-50x28.jpg 50w, https://www.poderelopi.it/wp-content/uploads/2020/04/20200409_085640-scaled-200x113.jpg 200w, https://www.poderelopi.it/wp-content/uploads/2020/04/20200409_085640-300x169.jpg 300w, https://www.poderelopi.it/wp-content/uploads/2020/04/20200409_085640-768x432.jpg 768w, https://www.poderelopi.it/wp-content/uploads/2020/04/20200409_085640-1536x864.jpg 1536w, https://www.poderelopi.it/wp-content/uploads/2020/04/20200409_085640-2048x1152.jpg 2048w" sizes="auto, (max-width: 1024px) 100vw, 1024px" /></figure></div><p>La sede aziendale è situata su un balcone naturale dal quale si estende un panorama che si perde in un mare di colline fino a sconfinare  sulla splendida catena delle Alpi piemontesi, ben visibili le principali cime come il Monviso, il Monte Rosa e il Rocciamelone.</p><div class="wp-block-image"><figure class="aligncenter size-large"><img loading="lazy" decoding="async" width="1024" height="576" src="https://www.poderelopi.it/wp-content/uploads/2020/03/20190124_105349-1024x576.jpg" alt="" class="wp-image-109" srcset="https://www.poderelopi.it/wp-content/uploads/2020/03/20190124_105349-1024x576.jpg 1024w, https://www.poderelopi.it/wp-content/uploads/2020/03/20190124_105349-scaled-50x28.jpg 50w, https://www.poderelopi.it/wp-content/uploads/2020/03/20190124_105349-scaled-200x113.jpg 200w, https://www.poderelopi.it/wp-content/uploads/2020/03/20190124_105349-300x169.jpg 300w, https://www.poderelopi.it/wp-content/uploads/2020/03/20190124_105349-768x432.jpg 768w, https://www.poderelopi.it/wp-content/uploads/2020/03/20190124_105349-1536x864.jpg 1536w, https://www.poderelopi.it/wp-content/uploads/2020/03/20190124_105349-2048x1152.jpg 2048w, https://www.poderelopi.it/wp-content/uploads/2020/03/20190124_105349-1200x675.jpg 1200w, https://www.poderelopi.it/wp-content/uploads/2020/03/20190124_105349-1980x1114.jpg 1980w" sizes="auto, (max-width: 1024px) 100vw, 1024px" /></figure></div><p>Il Monferrato è una terra magica , affascinante in ogni stagione dell&#8217;anno   ricca di pievi romaniche , borghi medievali , vigneti e boschi;  dal 2014 è patrimonio UNESCO</p><h3 class="wp-block-heading has-text-align-center"><em>La leggenda di Aleramo</em></h3><p>La nascita del Monferrato è legata alla leggenda di Aleramo , un giovane cavaliere alla corte del re Ottone I ,egli si innamorò della figlia del re e questi acconsenti alle nozze , ma poichè Aleramo non possedeva terre da portare in dote , il re decise di donare alla giovane coppia tutta la terra che Aleramo fosse riuscito a circoscrivere cavalcando per tre giorni e tre notti. Durante la corsa sfrenata il cavallo di Aleramo perse un ferro  ed il giovane utilizzo&#8217; la testa di un mattone (mun in dialetto) per riferrarlo,   nacque cosi il Monferrato ( mun-frà)</p><h3 class="wp-block-heading has-text-align-center"><em>Perchè bio</em></h3><p>L&#8217;agricoltura biologica rappresenta , a nostro avviso, il futuro dell&#8217;agricoltura su piccola scala, permette di coltivare in modo naturale con il minimo impatto ambientale , senza rinunciare alla qualità dei prodotti. Le pratiche agrominche sono regolamentate da un disciplinare che vieta l&#8217;uso  di tutta la chimica di sintesi , sono inoltre banditi tutti i diserbandi e qualsiasi tipo di forzatura. Coltivare con il metodo biologico non vuol dire rinunciare al raccolto ed alla qualita perchè anche senza l&#8217;uso della tanto &#8220;indispensabile&#8221; chimica si riesce a produrre ugualmente. </p><p>L&#8217;agricoltura biologica si basa su un concetto di &#8220;vita&#8221;ovvero non si va a distruggere l&#8217;equilibro del terreno ed il microclima , come per esempio il mantenimento di siepi campestri che danno rifugio agli insettivori , non utilzzando prodotti chimici il terreno è ricco di lombrichi, il vigneto è popolato da farfalle bombi lucertole grilli che mantengono autonomamente sotto controllo la popolazione di insetti dannosi , quindi non sono necessari trattamenti insetticidi o quant&#8217;altro ;poi chiaramente per andare a raccolto sono indispensabili  i trattamenti antioidici ed antiperonosporici ma solamente utilizzando rame e zolfo . </p><p>L&#8217; agricoltura convenzionale,  al contrario del bio, si basa su un concetto di &#8220;morte&#8221; ovvero  : &#8221; uccido tutto per coltivare solo quello che voglio &#8221; . E quindi vai di diserbante per togliere le infestanti  , ma cosi facendo rompo il microclima quindi non ho insetti utili , poi non passo con il mio bel trattorone e quindi vai di ruspa contro le siepi campestri, ma cosi facendo non ho piu  gli insettivori e quindi vai di insetticida, ma cosi facendo gli afidi non sono sotto controllo e quindi vai di aficida e cosi via &#8230;il risultato è che ogni anno solo in Italia si spandono nei campi circa 130.000 tonnellate di prodotti fitosanitari ( fonte  arpat)che contaminano l&#8217;ambiente  l&#8217;acqua e soprattutto permangono con residualità non trascurabili negli alimenti. Alcuni studi scientifici  hanno dimostrato che i pesticidi sono presenti nel nostro sangue, nei capelli, nello sperma e nel nostro tessuto adiposo.</p><p>L&#8217;agricoltura biologica è l&#8217;unica strada percorribile , soprattutto per piccole realtà aziendali come la nostra .</p>

<p>Benvenuti nel cuore del Monferrato l&#8217;Opi, nome dialettale del luogo ( regione Opio), è una piccola azienda agricola a conduzione familiare dedita alla coltivazione della vite ed all&#8217;apicoltura . L&#8217;azienda si estende su una superficie di circa 4 ettari in unico corpo di cui due coltivati a vigneto. Attualmente gestiamo circa 150 alveari per la pruduzione di miele, e 200 nuclei di fecondazione per l&#8217;allevamento di api regine. Dal 2010 tutta l&#8217;azienda è certificata biologica La sede aziendale è situata su un balcone naturale dal quale si estende un panorama che si perde in un mare di colline fino a sconfinare sulla splendida catena delle Alpi piemontesi, ben visibili le principali cime come il Monviso, il Monte Rosa e il Rocciamelone. Il Monferrato è una terra magica , affascinante in ogni stagione dell&#8217;anno ricca di pievi romaniche , borghi medievali , vigneti e boschi; dal 2014 è patrimonio UNESCO La&hellip;</p>
<p> <a class="more-link" href="https://www.poderelopi.it/">Leggi tutto</a></p>
